f 84197?
4
What is the hundreds digit of 188023?
0
What is the tens digit of 76888?
8
What is the tens digit of 143803?
0
What is the hundreds digit of 23606315?
3
What is the hundred thousands digit of 585659?
5
What is the tens digit of 1345475?
7
What is the millions digit of 13113601?
3
What is the tens digit of 1509900?
0
What is the thousands digit of 2931953?
1
What is the hundreds digit of 686549?
5
What is the ten thousands digit of 5928197?
2
What is the thousands digit of 533367?
3
What is the hundred thousands digit of 779737?
7
What is the units digit of 119796?
6
What is the ten millions digit of 20523939?
2
What is the hundred thousands digit of 3826658?
8
What is the hundreds digit of 1787196?
1
What is the hundreds digit of 62527?
5
What is the hundreds digit of 463821?
8
What is the thousands digit of 2065341?
5
What is the ten thousands digit of 90919?
9
What is the millions digit of 8418983?
8
What is the ten thousands digit of 515559?
1
What is the thousands digit of 885689?
5
What is the hundreds digit of 274751?
7
What is the millions digit of 4168719?
4
What is the units digit of 140461?
1
What is the tens digit of 218827?
2
What is the ten thousands digit of 879249?
7
What is the hundred thousands digit of 14758790?
7
What is the thousands digit of 2850?
2
What is the ten thousands digit of 233427?
3
What is the thousands digit of 5829346?
9
What is the hundred thousands digit of 401688?
4
What is the hundred thousands digit of 250843?
2
What is the tens digit of 1160103?
0
What is the tens digit of 8665?
6
What is the units digit of 77023?
3
What is the units digit of 519170?
0
What is the tens digit of 678091?
9
What is the thousands digit of 112755?
2
What is the tens digit of 3117047?
4
What is the ten thousands digit of 10288513?
8
What is the hundred thousands digit of 175852?
1
What is the thousands digit of 12776?
2
What is the units digit of 30371456?
6
What is the hundreds digit of 917476?
4
What is the tens digit of 21761?
6
What is the hundred thousands digit of 321938?
3
What is the tens digit of 179330?
3
What is the tens digit of 18916678?
7
What is the ten thousands digit of 32090294?
9
What is the hundreds digit of 206881?
8
What is the hundreds digit of 6866912?
9
What is the tens digit of 243385?
8
What is the units digit of 408801?
1
What is the units digit of 123485?
5
What is the ten thousands digit of 8955814?
5
What is the ten thousands digit of 7431631?
3
What is the hundreds digit of 1368978?
9
What is the units digit of 85225?
5
What is the tens digit of 39421550?
5
What is the millions digit of 17670451?
7
What is the tens digit of 737007?
0
What is the units digit of 390382?
2
What is the units digit of 36028166?
6
What is the thousands digit of 659570?
9
What is the hundreds digit of 7870?
8
What is the units digit of 192106?
6
What is the thousands digit of 19465445?
5
What is the hundreds digit of 4222685?
6
What is the tens digit of 38405214?
1
What is the thousands digit of 680778?
0
What is the thousands digit of 458066?
8
What is the hundred thousands digit of 3401079?
4
What is the millions digit of 4070125?
4
What is the thousands digit of 486730?
6
What is the millions digit of 2772172?
2
What is the ten thousands digit of 2684514?
8
What is the millions digit of 4294787?
4
What is the hundred thousands digit of 832875?
8
What is the thousands digit of 29058115?
8
What is the units digit of 527869?
9
What is the units digit of 21859746?
6
What is the tens digit of 4284238?
3
What is the thousands digit of 638013?
8
What is the tens digit of 295064?
6
What is the tens digit of 15072384?
8
What is the tens digit of 34547139?
3
What is the thousands digit of 622202?
2
What is the thousands digit of 2273956?
3
What is the hundreds digit of 132446?
4
What is the tens digit of 19035274?
7
What is the thousands digit of 4832414?
2
What is the thousands digit of 319450?
9
What is the hundreds digit of 1657921?
9
What is the millions digit of 1556172?
1
What is the hundreds digit of 2350371?
3
What is the units digit of 7790566?
6
What is the hundreds digit of 2057565?
5
What is the hundreds digit of 18794802?
8
What is the ten thousands digit of 6941418?
4
What is the thousands digit of 14894166?
4
What is the millions digit of 7211361?
7
What is the millions digit of 4634066?
4
What is the hundred thousands digit of 18962952?
9
What is the hundreds digit of 6509941?
9
What is the millions digit of 6303683?
6
What is the thousands digit of 242117?
2
What is the ten thousands digit of 575699?
7
What is the ten millions digit of 15468133?
1
What is the hundred thousands digit of 633641?
6
What is the hundreds digit of 9326763?
7
What is the thousands digit of 3458789?
8
What is the units digit of 12735156?
6
What is the thousands digit of 563443?
3
What is the ten thousands digit of 13329538?
2
What is the hundred thousands digit of 7994526?
9
What is the units digit of 73840?
0
What is the hundred thousands digit of 394776?
3
What is the ten thousands digit of 9530260?
3
What is the hundreds digit of 225777?
7
What is the tens digit of 207198?
9
What is the ten thousands digit of 6716436?
1
What is the tens digit of 9953?
5
What is the thousands digit of 412679?
2
What is the millions digit of 4475877?
4
What is the tens digit of 9632664?
6
What is the hundreds digit of 64731?
7
What is the hundreds digit of 41732?
7
What is the hundred thousands digit of 540641?
5
What is the units digit of 39429607?
7
What is the ten thousands digit of 723317?
2
What is the units digit of 21785972?
2
What is the hundred thousands digit of 437369?
4
What is the ten thousands digit of 257405?
5
What is the hundreds digit of 4160336?
3
What is the hundred thousands digit of 218174?
2
What is the hundreds digit of 359942?
9
What is the units digit of 329058?
8
What is the hundreds digit of 2349603?
6
What is the ten thousands digit of 256269?
5
What is the hundred thousands digit of 7945571?
9
What is the hundreds digit of 3224293?
2
What is the ten thousands digit of 2763819?
6
What is the thousands digit of 11521719?
1
What is the hundred thousands digit of 881993?
8
What is the tens digit of 288541?
4
What is the hundred thousands digit of 3291093?
2
What is the tens digit of 807929?
2
What is the millions digit of 1983166?
1
What is the units digit of 2722972?
2
What is the hundred thousands digit of 5754367?
7
What is the hundred thousands digit of 1302292?
3
What is the hundreds digit of 1414058?
0
What is the hundred thousands digit of 1314010?
3
What is the hundreds digit of 418257?
2
What is the units digit of 300561?
1
What is the thousands digit of 5647800?
7
What is the thousands digit of 337707?
7
What is the thousands digit of 159736?
9
What is the millions digit of 2263704?
2
What is the hundreds digit of 269673?
6
What is the ten thousands digit of 23508090?
0
What is the hundreds digit of 673806?
8
What is the ten millions digit of 19497170?
1
What is the units digit of 22440755?
5
What is the tens digit of 191788?
8
What is the ten thousands digit of 331429?
3
What is the hundred thousands digit of 17192767?
1
What is the units digit of 7331004?
4
What is the hundreds digit of 133892?
8
What is the units digit of 634599?
9
What is the units digit of 829656?
6
What is the units digit of 378520?
0
What is the hundred thousands digit of 2817066?
8
What is the thousands digit of 2847341?
7
What is the ten thousands digit of 3323408?
2
What is the ten millions digit of 13567143?
1
What is the ten thousands digit of 29868906?
6
What is the hundreds digit of 10257218?
2
What is the ten thousands digit of 4108299?
0
What is the hundred thousands digit of 5647491?
6
What is the hundreds digit of 107548?
5
What is the thousands digit of 1887710?
7
What is the thousands digit of 3629916?
9
What is the thousands digit of 16356506?
6
What is the tens digit of 67678?
7
What is the millions digit of 1077338?
1
What is the millions digit of 13936053?
3
What is the units digit of 246634?
4
What is the hundred thousands digit of 732432?
7
What is the ten thousands digit of 4638784?
3
What is the units digit of 92865?
5
What is the hundreds digit of 343670?
6
What is the hundred thousands digit of 693265